8 is divided by 43.
25
What is the remainder when 71310 is divided by 10041?
1023
What is the remainder when 2216784 is divided by 272?
256
What is the remainder when 133149674 is divided by 181156?
14
Calculate the remainder when 32807350 is divided by 232.
230
What is the remainder when 5817091 is divided by 182?
7
What is the remainder when 25160134 is divided by 65?
64
Calculate the remainder when 63074 is divided by 2840.
594
What is the remainder when 2452714 is divided by 163512?
34
What is the remainder when 298375 is divided by 148861?
653
Calculate the remainder when 522221 is divided by 2332.
2185
Calculate the remainder when 128407290 is divided by 1898.
1896
Calculate the remainder when 6538841 is divided by 3709.
3583
Calculate the remainder when 1917970 is divided by 3836.
3806
Calculate the remainder when 44963358 is divided by 80.
78
Calculate the remainder when 9621571 is divided by 370060.
11
What is the remainder when 2204826 is divided by 2204821?
5
Calculate the remainder when 2399861 is divided by 15.
11
Calculate the remainder when 526194336 is divided by 140.
136
What is the remainder when 9458313 is divided by 370?
3
What is the remainder when 4877 is divided by 114?
89
Calculate the remainder when 2345797 is divided by 1433.
1409
Calculate the remainder when 42741424 is divided by 67736.
8
Calculate the remainder when 26805825 is divided by 20.
5
Calculate the remainder when 64381 is divided by 1101.
523
What is the remainder when 33510536 is divided by 11045?
6
What is the remainder when 1515037 is divided by 85?
82
What is the remainder when 880676 is divided by 984?
980
What is the remainder when 421246 is divided by 3?
1
Calculate the remainder when 21850502 is divided by 305.
302
What is the remainder when 760327 is divided by 7453?
121
Calculate the remainder when 170436744 is divided by 33.
27
What is the remainder when 320382 is divided by 1731?
147
What is the remainder when 2991846 is divided by 8287?
239
Calculate the remainder when 1232428 is divided by 789.
10
What is the remainder when 7862 is divided by 3624?
614
What is the remainder when 21388719 is divided by 10?
9
Calculate the remainder when 268091623 is divided by 84.
79
Calculate the remainder when 905738 is divided by 202.
172
What is the remainder when 86219 is divided by 847?
672
Calculate the remainder when 8639986 is divided by 192.
178
What is the remainder when 53627 is divided by 13138?
1075
What is the remainder when 2280911 is divided by 191?
180
What is the remainder when 133593 is divided by 52?
5
Calculate the remainder when 237373 is divided by 237358.
15
What is the remainder when 39785 is divided by 2451?
569
Calculate the remainder when 2308987 is divided by 2612.
2591
What is the remainder when 2009911 is divided by 669949?
64
Calculate the remainder when 724813719 is divided by 230.
229
Calculate the remainder when 533053 is divided by 32.
29
What is the remainder when 1232905 is divided by 82193?
10
What is the remainder when 8079574 is divided by 5658?
5608
What is the remainder when 50659 is divided by 1811?
1762
What is the remainder when 6070296 is divided by 93389?
11
What is the remainder when 549366 is divided by 274288?
790
What is the remainder when 18441898 is divided by 386?
362
Calculate the remainder when 6990971 is divided by 18593.
3
What is the remainder when 5549516 is divided by 78?
50
Calculate the remainder when 5930 is divided by 2705.
520
What is the remainder when 29685 is divided by 2463?
129
Calculate the remainder when 604861 is divided by 832.
829
What is the remainder when 1848035 is divided by 52?
7
Calculate the remainder when 1157375 is divided by 2580.
1535
Calculate the remainder when 750798 is divided by 60.
18
Calculate the remainder when 149362 is divided by 147.
10
Calculate the remainder when 917616 is divided by 14.
0
Calculate the remainder when 6573057 is divided by 142.
19
Calculate the remainder when 74301125 is divided by 14860223.
10
What is the remainder when 113724246 is divided by 1421553?
6
Calculate the remainder when 234139 is divided by 96.
91
Calculate the remainder when 3171415 is divided by 63.
58
What is the remainder when 58167 is divided by 1883?
1677
Calculate the remainder when 249996 is divided by 249969.
27
What is the remainder when 4714 is divided by 2321?
72
What is the remainder when 3332644 is divided by 15720?
4
Calculate the remainder when 609366 is divided by 2018.
1948
What is the remainder when 3114330 is divided by 3114287?
43
Calculate the remainder when 5013604 is divided by 398.
396
Calculate the remainder when 12011032 is divided by 7.
5
What is the remainder when 1793680 is divided by 188?
160
Calculate the remainder when 2146244 is divided by 7325.
19
What is the remainder when 305948 is divided by 161?
48
What is the remainder when 152731922 is divided by 1579?
1568
Calculate the remainder when 102197 is divided by 20439.
2
Calculate the remainder when 1800956 is divided by 1341.
1334
What is the remainder when 72908 is divided by 4269?
335
What is the remainder when 6237937 is divided by 56?
41
What is the remainder when 519148 is divided by 244?
160
Calculate the remainder when 58851930 is divided by 52782.
0
Calculate the remainder when 420195391 is divided by 6616.
6615
What is the remainder when 68318086 is divided by 28?
18
Calculate the remainder when 1336148 is divided by 351.
242
What is the remainder when 5735528 is divided by 139888?
120
What is the remainder when 29573 is divided by 850?
673
What is the remainder when 584758 is divided by 882?
874
Calculate the remainder when 14647 is divided by 6607.
1433
Calculate the remainder when 1162833759 is divided by 3704.
3703
What is the remainder when 2717953 is divided by 618?
607
What is the remainder when 149384 is divided by 74692?
0
What is the remainder when 2111575 is divided by 3531?
37
Calculate the remainder when 942857 is divided by 1418.
1305
What is the remainder when 382823 is divided by 95696?
39
What is the remainder when 2741662 is divided by 22847?
22
Calculate the remainder when 17620822 is divided by 312.
310
What is the remainder when 208342 is divided by 207762?
580
Calculate the remainder when 41910 is divided by 39936.
1974
Calculate the remainder when 922789 is divided by 934.
931
Calculate the remainder when 12322354 is divided by 26162.
52
What is the remainder when 3203733 is divided by 572?
533
What is the remainder when 1106800 is divided by 6?
4
What is the remainder when 129327 is divided by 4032?
303
Calculate the remainder when 629516 is divided by 418.
8
Calculate the remainder when 251047 is divided by 251016.
31
Calculate the remainder when 2260890 is divided by 264.
258
Calculate the remainder when 25862 is divided by 11813.
2236
What is the remainder when 120953496 is divided by 60476712?
72
What is the remainder when 170914 is divided by 224?
2
Calculate the remainder when 63137 is divided by 58952.
4185
Calculate the remainder when 14967882 is divided by 16.
10
What is the remainder when 79139 is divided by 489?
410
What is the remainder when 2227501 is divided by 131?
108
What is the remainder when 68850933 is divided by 295?
293
What is the remainder when 125091 is divided by 4992?
291
Calculate the remainder when 8484038 is divided by 819.
17
What is the remainder when 59993936 is divided by 767?
730
What is the remainder when 10129 is divided by 3615?
2899
Calculate the remainder when 28652579 is divided by 83.
66
What is the remainder when 63645549 is divided by 50?
49
Calculate the remainder when 4808170 is divided by 644.
66
What is the remainder when 132129 is divided by 260?
49
What is the remainder when 550670 is divided by 705?
65
What is the remainder when 722151 is divided by 138?
135
Calculate the remainder when 334772 is divided by 109997.
4781
What is the remainder when 34216629 is divided by 268?
265
Calculate the remainder when 279627 is divided by 69740.
667
What is the remainder when 1809995 is divided by 65?
5
Calculate the remainder when 314202 is divided by 34501.
3693
Calculate the remainder when 9512279 is divided by 3042.
2987
What is the remainder when 68691 is divided by 68068?
623
Calculate the remainder when 5851681